s digit of 231922?
3
What is the tens digit of 6502174?
7
What is the thousands digit of 586159?
6
What is the thousands digit of 116322?
6
What is the thousands digit of 9135990?
5
What is the ten thousands digit of 126350?
2
What is the hundreds digit of 622827?
8
What is the thousands digit of 141570?
1
What is the tens digit of 95899?
9
What is the hundred thousands digit of 1309999?
3
What is the ten thousands digit of 228619?
2
What is the thousands digit of 550629?
0
What is the units digit of 1728774?
4
What is the tens digit of 21356?
5
What is the tens digit of 1007974?
7
What is the units digit of 3329?
9
What is the units digit of 15836239?
9
What is the units digit of 27592?
2
What is the tens digit of 231044?
4
What is the ten millions digit of 14258055?
1
What is the hundreds digit of 8162667?
6
What is the thousands digit of 7401534?
1
What is the tens digit of 115084?
8
What is the units digit of 69255?
5
What is the units digit of 14115?
5
What is the thousands digit of 11138847?
8
What is the units digit of 5170197?
7
What is the hundreds digit of 182397?
3
What is the units digit of 379824?
4
What is the hundred thousands digit of 220101?
2
What is the units digit of 332081?
1
What is the hundred thousands digit of 7352536?
3
What is the ten thousands digit of 105893?
0
What is the tens digit of 322652?
5
What is the ten thousands digit of 1913113?
1
What is the ten thousands digit of 9088471?
8
What is the ten thousands digit of 234511?
3
What is the thousands digit of 661008?
1
What is the tens digit of 3551000?
0
What is the ten thousands digit of 4580718?
8
What is the units digit of 39254056?
6
What is the ten thousands digit of 528745?
2
What is the hundred thousands digit of 4825080?
8
What is the millions digit of 4217226?
4
What is the ten thousands digit of 4635797?
3
What is the thousands digit of 369171?
9
What is the ten thousands digit of 245227?
4
What is the hundreds digit of 6727661?
6
What is the ten thousands digit of 614108?
1
What is the ten thousands digit of 12568?
1
What is the ten thousands digit of 5693775?
9
What is the units digit of 760651?
1
What is the millions digit of 1060632?
1
What is the hundreds digit of 6879290?
2
What is the ten millions digit of 25471126?
2
What is the thousands digit of 47970?
7
What is the hundreds digit of 473551?
5
What is the hundred thousands digit of 148028?
1
What is the ten thousands digit of 601562?
0
What is the thousands digit of 2760448?
0
What is the hundred thousands digit of 6597025?
5
What is the thousands digit of 8428624?
8
What is the hundreds digit of 921089?
0
What is the hundred thousands digit of 16116780?
1
What is the hundred thousands digit of 466886?
4
What is the units digit of 223642?
2
What is the thousands digit of 24628278?
8
What is the units digit of 13561664?
4
What is the ten millions digit of 12722494?
1
What is the ten millions digit of 24187961?
2
What is the hundred thousands digit of 1046019?
0
What is the hundreds digit of 10144842?
8
What is the ten thousands digit of 2332592?
3
What is the ten thousands digit of 65143?
6
What is the ten thousands digit of 283825?
8
What is the units digit of 2388730?
0
What is the hundreds digit of 3557768?
7
What is the thousands digit of 3769841?
9
What is the hundreds digit of 592860?
8
What is the thousands digit of 2495351?
5
What is the hundred thousands digit of 453205?
4
What is the tens digit of 661313?
1
What is the ten thousands digit of 21996391?
9
What is the ten thousands digit of 204157?
0
What is the millions digit of 2987527?
2
What is the tens digit of 9745830?
3
What is the hundred thousands digit of 9725558?
7
What is the ten thousands digit of 405127?
0
What is the units digit of 4425043?
3
What is the hundreds digit of 16420642?
6
What is the hundreds digit of 12895?
8
What is the thousands digit of 339011?
9
What is the thousands digit of 1185448?
5
What is the tens digit of 235256?
5
What is the thousands digit of 10276595?
6
What is the thousands digit of 1572422?
2
What is the tens digit of 838581?
8
What is the units digit of 443518?
8
What is the thousands digit of 55516?
5
What is the hundreds digit of 3406719?
7
What is the hundred thousands digit of 3545655?
5
What is the tens digit of 353226?
2
What is the hundreds digit of 14973379?
3
What is the tens digit of 3247022?
2
What is the tens digit of 341774?
7
What is the ten thousands digit of 405951?
0
What is the ten millions digit of 21435240?
2
What is the thousands digit of 515274?
5
What is the ten thousands digit of 17126383?
2
What is the hundreds digit of 4152086?
0
What is the millions digit of 1343874?
1
What is the hundreds digit of 102596?
5
What is the ten thousands digit of 39889?
3
What is the ten thousands digit of 7624363?
2
What is the thousands digit of 2110065?
0
What is the tens digit of 719827?
2
What is the ten thousands digit of 4858380?
5
What is the ten millions digit of 14596315?
1
What is the units digit of 2454686?
6
What is the tens digit of 133029?
2
What is the thousands digit of 5459082?
9
What is the ten thousands digit of 8040473?
4
What is the hundred thousands digit of 2064085?
0
What is the hundreds digit of 3839964?
9
What is the millions digit of 1509742?
1
What is the units digit of 5084008?
8
What is the tens digit of 3729297?
9
What is the hundred thousands digit of 4103369?
1
What is the ten thousands digit of 2332232?
3
What is the thousands digit of 6369658?
9
What is the tens digit of 3996339?
3
What is the units digit of 759490?
0
What is the millions digit of 1098741?
1
What is the hundreds digit of 5228696?
6
What is the units digit of 2437405?
5
What is the ten thousands digit of 198955?
9
What is the tens digit of 23314145?
4
What is the ten thousands digit of 5476103?
7
What is the units digit of 24959735?
5
What is the hundred thousands digit of 266146?
2
What is the hundreds digit of 2287576?
5
What is the thousands digit of 1493140?
3
What is the hundred thousands digit of 2129715?
1
What is the thousands digit of 20157612?
7
What is the units digit of 257120?
0
What is the hundreds digit of 1100649?
6
What is the tens digit of 19003323?
2
What is the units digit of 1165392?
2
What is the thousands digit of 2232435?
2
What is the units digit of 3893501?
1
What is the thousands digit of 11902845?
2
What is the hundred thousands digit of 4605434?
6
What is the ten thousands digit of 31062526?
6
What is the hundred thousands digit of 238259?
2
What is the tens digit of 5038341?
4
What is the units digit of 338793?
3
What is the units digit of 958271?
1
What is the hundred thousands digit of 145471?
1
What is the ten thousands digit of 15471352?
7
What is the hundreds digit of 1741733?
7
What is the millions digit of 3561600?
3
What is the tens digit of 95214?
1
What is the units digit of 403590?
0
What is the hundred thousands digit of 107782?
1
What is the hundreds digit of 23336804?
8
What is the tens digit of 113321?
2
What is the hundreds digit of 57532?
5
What is the tens digit of 94046?
4
What is the hundreds digit of 212869?
8
What is the thousands digit of 482479?
2
What is the tens digit of 463879?
7
What is the thousands digit of 76397?
6
What is the tens digit of 11893321?
2
What is the tens digit of 6060005?
0
What is the hundreds digit of 2869109?
1
What is the hundred thousands digit of 1409461?
4
What is the ten thousands digit of 306819?
0
What is the millions digit of 5965055?
5
What is the tens digit of 318234?
3
What is the units digit of 81349?
9
What is the hundreds digit of 7049469?
4
What is the millions digit of 6802528?
6
What is the units digit of 12728524?
4
What is the tens digit of 219251?
5
What is the thousands digit of 96045?
6
What is the units digit of 1497687?
7
What is the ten thousands digit of 64767?
6
What is the thousands digit of 649742?
9
What is the ten millions digit of 10282895?
1
What is the units digit of 6851393?
3
What is the tens digit of 477313?
1
What is the units digit of 1431446?
6
What is the hundreds digit of 208599?
5
What is the hundreds digit of 448189?
1
What is the thousands digit of 25941?
5
What is the tens digit of 868746?
4
What is the hundred thousands digit of 308775?
3
What is the hundr